{"id":158,"date":"2023-03-22T10:23:36","date_gmt":"2023-03-22T09:23:36","guid":{"rendered":"http:\/\/www.girva.it\/wp1\/ginecologoprotetto\/?page_id=158"},"modified":"2026-02-08T10:47:36","modified_gmt":"2026-02-08T09:47:36","slug":"home","status":"publish","type":"page","link":"https:\/\/www.girva.it\/wp1\/ginecologoprotetto\/","title":{"rendered":"Home"},"content":{"rendered":"<header class=\"lp-section-header\">\n<div class=\"lp-section-desc\">\n<h3 style=\"text-align: center;\"><span style=\"color: #db4b95;\"><strong>Convenzione Assicurativa Ginecologi unica in Italia!!!<\/strong><\/span><\/h3>\n<h5 style=\"text-align: center;\"><strong style=\"color: #db4b95; font-family: 'Open Sans Condensed'; font-size: revert;\"><i class=\"glyphicon blicon-graduation md\"><\/i>\u00a0 Le fasce di attivit\u00e0<\/strong><\/h5>\n<\/div>\n<\/header>\n<h5 style=\"text-align: center;\">Il programma assicurativo prevede caratteristiche uniche studiate per 6 fasce di attivit\u00e0 diverse che si adattano alle esigenze della categoria.<\/h5>\n\n\n<style>\n\/* GRID *\/\n.gp-grid{\n  display:grid;\n  grid-template-columns: repeat(3, 1fr);\n  gap:18px;\n  margin:20px 0;\n  justify-items:center;\n}\n@media (max-width:1024px){\n  .gp-grid{ grid-template-columns: repeat(2, 1fr); }\n}\n@media (max-width:640px){\n  .gp-grid{ grid-template-columns: 1fr; }\n}\n\n\/* CARD *\/\n.gp-card{\n  width:100%;\n  max-width:400px;\n  overflow:hidden;\n  border:1px solid #e5e7eb;\n  background:#ffffff;\n}\n\n\/* MEDIA QUADRATA *\/\n.gp-media{\n  position:relative;\n  width:100%;\n  aspect-ratio:1\/1;\n  overflow:hidden;\n}\n\n.gp-media img{\n  position:absolute;\n  inset:0;\n  width:100%;\n  height:100%;\n  object-fit:cover;\n  transition:transform .35s ease;\n}\n\n.gp-media:hover img{\n  transform:scale(1.08);\n}\n\n\/* OVERLAY *\/\n.gp-overlay{\n  position:absolute;\n  inset:0;\n  background:#da539e;\n  color:#ffffff;\n  padding:18px;\n  display:flex;\n  flex-direction:column;\n  align-items:flex-start;\n  text-align:left;\n  opacity:0;\n  transition:opacity .25s ease;\n}\n\n.gp-media:hover .gp-overlay{\n  opacity:1;\n}\n\n\/* MOBILE *\/\n@media (max-width:768px){\n  .gp-overlay{ opacity:1; }\n}\n\n\/* TITOLO *\/\n.gp-overlay h5{\n  font-size:16px;\n  font-weight:700;\n  margin:0 0 6px 0;\n  color:#ffffff;\n}\n\n\/* DESCRIZIONE (SCROLL) *\/\n.gp-desc{\n  font-size:13px;\n  line-height:1.45;\n  color:#ffffff;\n  max-height:170px;\n  overflow-y:auto;\n  padding-right:6px;\n}\n\n\/* scrollbar discreta *\/\n.gp-desc::-webkit-scrollbar{ width:4px; }\n.gp-desc::-webkit-scrollbar-thumb{\n  background:rgba(255,255,255,0.6);\n}\n\n\/* BOTTONE *\/\n.gp-btn{\n  margin-top:auto;\n  background:#ffffff;\n  color:#da539e;\n  font-weight:700;\n  font-size:13px;\n  padding:10px 14px;\n  text-decoration:none;\n}\n.gp-btn:hover{ opacity:0.9; }\n\n\/* CAPTION *\/\n.gp-caption{\n  padding:12px 14px;\n  font-weight:700;\n  font-size:14px;\n  background:#1a1f32;\n  color:#ffffff;\n  text-align:center;\n}\n<\/style>\n\n<div class=\"gp-grid\">\n\n<!-- FASCIA 00 -->\n<div class=\"gp-card\">\n  <div class=\"gp-media\">\n    <img data-recalc-dims=\"1\" decoding=\"async\" src=\"https:\/\/i0.wp.com\/www.girva.it\/wp1\/ginecologoprotetto\/wp-content\/uploads\/sites\/2\/2026\/01\/fascia00base.png?w=1505&#038;ssl=1\">\n    <div class=\"gp-overlay\">\n      <h5>Fascia 00 &#8211; Fascia Base \u2013 Ginecologia e Ostetricia (solo visite specialistiche e analisi prenatali)<\/h5>\n      <div class=\"gp-desc\">\n        Include le attivit\u00e0 assistenziali ambulatoriali ostetriche e ginecologiche, comprese le prescrizioni terapeutiche, e le diagnosi strumentali ambulatoriali eseguite senza utilizzo di anestesia salvo pomata o spray anestetizzante, di cui al seguente elenco: Visite ginecologiche specialistiche, Visite ostetriche, Ecografie (escluse morfologiche e di II livello) ed esami diagnostici prenatali, Attivit\u00e0 di prevenzione e follow-up, Counselling per analisi prenatali, Inserimento e rimozione IUD, Pap-test e HPV-test, Colposcopia diagnostica, Prescrizione, impianto e rimozione di dispositivi contraccettivi sottocutanei (anche con utilizzo di crema anestetizzante cutanea).\n      <\/div>\n      <a class=\"gp-btn\" href=\"https:\/\/www.girva.it\/wp1\/ginecologoprotetto\/convenzione-rc-e-tutela-legale-ageo\/\">Clicca per un preventivo<\/a>\n    <\/div>\n  <\/div>\n  <div class=\"gp-caption\">Fascia 00<\/div>\n<\/div>\n\n<!-- FASCIA 01 -->\n<div class=\"gp-card\">\n  <div class=\"gp-media\">\n    <img data-recalc-dims=\"1\" decoding=\"async\" src=\"https:\/\/i0.wp.com\/www.girva.it\/wp1\/ginecologoprotetto\/wp-content\/uploads\/sites\/2\/2026\/01\/fascia01.png?w=1505&#038;ssl=1\">\n    <div class=\"gp-overlay\">\n      <h5>Fascia 01 &#8211; Ginecologia ed Ostetricia ambulatoriale con Attivit\u00e0 Invasiva senza attivit\u00e0 chirurgica n\u00e9 Chirurgia Minore, senza fecondazione assistita e senza assistenza al parto<\/h5>\n      <div class=\"gp-desc\">\n        Include tutte le attivit\u00e0 assistenziale ambulatoriale ostetrica e ginecologica,\n        comprese le prescrizioni terapeutiche, e le diagnosi strumentali ambulatoriali,\n        tra cui, a titolo esemplificativo ma non limitativo: tutte le ecografie, incluse\n        quelle morfologiche, diatermocoagulazione e laservaporizzazione del collo\n        dell&#8217;utero (ablazione di condilomi), biopsie mirate del basso tratto genitale,\n        inserimento e rimozione IUD, isteroscopia diagnostica senza prelievo bioptico,\n        sonoisterografia e sonosalpingografia, prelievi del sangue (per G-test in\n        gravidanza), Pap-test e HPV-test, colposcopia diagnostica,medicina estetica in ambito ginecologico, senza lipoaspirazione o incisioni cutanee che richiedono sutura e senza utilizzo di anestesia al di fuori di crema anestetizzante cutanea, riabilitazione pelvi-perineale con utilizzo di macchinari non invasivi, prescrizione, impianto e rimozione di dispositivi contraccettivi sottocutanei (anche con utilizzo di crema anestetizzante cutanea), agopuntura, omeopatia, mesoterapia\/ozonoterapia e neuralterapia in ambito ostetrico e ginecologico, \nservizio di guardia interna interdivisionale, attivit\u00e0 di frequentatore volontario.\n      <\/div>\n      <a class=\"gp-btn\" href=\"https:\/\/www.girva.it\/wp1\/ginecologoprotetto\/convenzione-rc-e-tutela-legale-ageo\/\">Clicca per un preventivo<\/a>\n    <\/div>\n  <\/div>\n  <div class=\"gp-caption\">Fascia 01<\/div>\n<\/div>\n\n<!-- FASCIA 02a -->\n<div class=\"gp-card\">\n  <div class=\"gp-media\">\n    <img data-recalc-dims=\"1\" decoding=\"async\" src=\"https:\/\/i0.wp.com\/www.girva.it\/wp1\/ginecologoprotetto\/wp-content\/uploads\/sites\/2\/2026\/01\/fascia02A.png?w=1505&#038;ssl=1\">\n    <div class=\"gp-overlay\">\n      <h5>Fascia 02a \u2013 Ginecologia ed Ostetricia ambulatoriale con attivit\u00e0 di Chirurgia Minore, senza fecondazione assistita, senza attivit\u00e0 chirurgica e senza assistenza al parto<\/h5>\n      <div class=\"gp-desc\">\n        Include tutte le attivit\u00e0 indicate in Fascia 01 ed in aggiunta quelle attivit\u00e0\n        che comportano interventi che coinvolgono il taglio e cucitura del tessuto in\n        anestesia locale e\/o in sedazione profonda, tra le quali, a titolo\n        esemplificativo ma non limitativo: isteroscopia con prelievo bioptico\n        endocavitario e\/o endometriale, interventi di conizzazione della cervice uterina\n        in anestesia locale e\/o sedazione profonda con leep o laser chirurgico,\n        Amniocentesi, Villocentesi.\n      <\/div>\n      <a class=\"gp-btn\" href=\"https:\/\/www.girva.it\/wp1\/ginecologoprotetto\/convenzione-rc-e-tutela-legale-ageo\/\">Clicca per un preventivo<\/a>\n    <\/div>\n  <\/div>\n  <div class=\"gp-caption\">Fascia 02a<\/div>\n<\/div>\n\n<!-- FASCIA 02b -->\n<div class=\"gp-card\">\n  <div class=\"gp-media\">\n    <img data-recalc-dims=\"1\" decoding=\"async\" src=\"https:\/\/i0.wp.com\/www.girva.it\/wp1\/ginecologoprotetto\/wp-content\/uploads\/sites\/2\/2026\/01\/fascia02B.png?w=1505&#038;ssl=1\">\n    <div class=\"gp-overlay\">\n      <h5>Fascia 02b \u2013 Ginecologia ed Ostetricia ambulatoriale con attivit\u00e0 di Chirurgia Minore, con fecondazione assistita, senza attivit\u00e0 chirurgica e senza assistenza al parto<\/h5>\n      <div class=\"gp-desc\">\n        Include tutte le attivit\u00e0 indicate nelle Fasce 01 &#8211; 02a ed in aggiunta tutte le\n        attivit\u00e0 di PMA, compreso pick-up ovocitario in sedazione profonda.\n      <\/div>\n      <a class=\"gp-btn\" href=\"https:\/\/www.girva.it\/wp1\/ginecologoprotetto\/convenzione-rc-e-tutela-legale-ageo\/\">Clicca per un preventivo<\/a>\n    <\/div>\n  <\/div>\n  <div class=\"gp-caption\">Fascia 02b<\/div>\n<\/div>\n\n<!-- FASCIA 03 -->\n<div class=\"gp-card\">\n  <div class=\"gp-media\">\n    <img data-recalc-dims=\"1\" decoding=\"async\" src=\"https:\/\/i0.wp.com\/www.girva.it\/wp1\/ginecologoprotetto\/wp-content\/uploads\/sites\/2\/2026\/01\/fascia03.png?w=1505&#038;ssl=1\">\n    <div class=\"gp-overlay\">\n      <h5>Fascia 03 \u2013 Ginecologia ed Ostetricia con attivit\u00e0 chirurgica e senza assistenza al parto<\/h5>\n      <div class=\"gp-desc\">\n        Include tutte le attivit\u00e0 indicate nelle Fasce 01 &#8211; 02a &#8211; 02b, nonch\u00e9 tutti gli\n        interventi chirurgici ginecologici\/ostetrici effettuati in anestesia generale\n        per via laparoscopica o laparotomica.\n      <\/div>\n      <a class=\"gp-btn\" href=\"https:\/\/www.girva.it\/wp1\/ginecologoprotetto\/convenzione-rc-e-tutela-legale-ageo\/\">Clicca per un preventivo<\/a>\n    <\/div>\n  <\/div>\n  <div class=\"gp-caption\">Fascia 03<\/div>\n<\/div>\n\n<!-- FASCIA 04 -->\n<div class=\"gp-card\">\n  <div class=\"gp-media\">\n    <img data-recalc-dims=\"1\" decoding=\"async\" src=\"https:\/\/i0.wp.com\/www.girva.it\/wp1\/ginecologoprotetto\/wp-content\/uploads\/sites\/2\/2026\/01\/fascia04.png?w=1505&#038;ssl=1\">\n    <div class=\"gp-overlay\">\n      <h5>Fascia 04 \u2013 Ginecologia ed Ostetricia con assistenza al parto<\/h5>\n      <div class=\"gp-desc\">\n        Include tutte le attivit\u00e0 indicate nelle Fasce 01 &#8211; 02a &#8211; 02b &#8211; 03, con\n        l\u2019aggiunta dell&#8217;assistenza al parto.\n      <\/div>\n      <a class=\"gp-btn\" href=\"https:\/\/www.girva.it\/wp1\/ginecologoprotetto\/convenzione-rc-e-tutela-legale-ageo\/\">Clicca per un preventivo<\/a>\n    <\/div>\n  <\/div>\n  <div class=\"gp-caption\">Fascia 04<\/div>\n<\/div>\n\n<\/div>\n\n\n<h5 style=\"text-align: center;\"><strong>A.G.E.O<\/strong>\u00a0in collaborazione con\u00a0<strong>AMTRUST ASSICURAZIONI<\/strong>\u00a0e i brokers\u00a0<strong>GI.R.VA. INTERNATIONAL BROKER<\/strong>\u00a0e\u00a0<strong>CVA INSURANCE BROKER<\/strong>, offre ai propri soci la possibilit\u00e0 di aderire ad una polizza di <span style=\"color: #db4b95;\"><strong>Responsabilit\u00e0 Civile Professionale, Tutela Legale e Colpa Grave del Medico Ginecologo <\/strong><\/span>con <strong>condizioni uniche e vantaggi esclusivi<\/strong>.<\/h5>\n<h5 class=\"lp-section-header\" style=\"text-align: center;\"><strong style=\"color: #db4b95; font-family: 'Open Sans Condensed'; font-size: revert;\"><i class=\"glyphicon blicon-like md\"><\/i>\u00a0 I vantaggi esclusivi<\/strong><\/h5>\n<h5 style=\"text-align: center;\"><strong>Conformit\u00e0 con la LEGGE GELLI<\/strong><br \/><strong>Retroattivit\u00e0 ILLIMITATA <\/strong><br \/><strong>Tariffe Agevolata YOUNG per Under 36<\/strong><br \/><strong>Nessuna Franchigia e\/o scoperto <\/strong><br \/><strong>Durata Prolungata 10.03.2030<\/strong><br \/><strong>Tacito rinnovo<\/strong><br \/><strong>Commissione Sinistri AGEO<\/strong><\/h5>\n<h5 style=\"text-align: center;\"><span style=\"color: #db4b95;\"><strong>Ulteriori garanzie sempre operanti senza oneri aggiuntivi<br \/><\/strong><\/span><strong>Responsabilit\u00e0 Civile per la Conduzione dello Studio Professionale <\/strong><br \/><strong>Garanzia per Omesso Adempimento dei Crediti ECM<\/strong><\/h5>\n<h5 style=\"text-align: center;\"><span style=\"color: #db4b95;\"><strong>Estensioni a pagamento<br \/><\/strong><\/span><strong>Estensione di garanzia Ruolo apicale e direzione sanitaria \u2013 Perdite Patrimoniali massimale euro 200.000<\/strong> <\/p>\n<\/h5>\n\n\n<hr class=\"wp-block-separator has-css-opacity\"\/>\n\n\n\n<p class=\"wp-block-paragraph\"><\/p>\n","protected":false},"excerpt":{"rendered":"<p>Convenzione Assicurativa Ginecologi unica in Italia!!! \u00a0 Le fasce di attivit\u00e0 Il programma assicurativo prevede caratteristiche uniche studiate per 6 fasce di attivit\u00e0 diverse che si adattano alle esigenze della categoria. Fascia 00 &#8211; Fascia Base \u2013 Ginecologia e Ostetricia (solo visite specialistiche e analisi prenatali) Include le attivit\u00e0 assistenziali &hellip;<\/p>\n","protected":false},"author":1,"featured_media":1143,"parent":0,"menu_order":0,"comment_status":"closed","ping_status":"closed","template":"","meta":{"footnotes":""},"class_list":["post-158","page","type-page","status-publish","has-post-thumbnail","hentry"],"jetpack_sharing_enabled":true,"_links":{"self":[{"href":"https:\/\/www.girva.it\/wp1\/ginecologoprotetto\/wp-json\/wp\/v2\/pages\/158","targetHints":{"allow":["GET"]}}],"collection":[{"href":"https:\/\/www.girva.it\/wp1\/ginecologoprotetto\/wp-json\/wp\/v2\/pages"}],"about":[{"href":"https:\/\/www.girva.it\/wp1\/ginecologoprotetto\/wp-json\/wp\/v2\/types\/page"}],"author":[{"embeddable":true,"href":"https:\/\/www.girva.it\/wp1\/ginecologoprotetto\/wp-json\/wp\/v2\/users\/1"}],"replies":[{"embeddable":true,"href":"https:\/\/www.girva.it\/wp1\/ginecologoprotetto\/wp-json\/wp\/v2\/comments?post=158"}],"version-history":[{"count":48,"href":"https:\/\/www.girva.it\/wp1\/ginecologoprotetto\/wp-json\/wp\/v2\/pages\/158\/revisions"}],"predecessor-version":[{"id":1352,"href":"https:\/\/www.girva.it\/wp1\/ginecologoprotetto\/wp-json\/wp\/v2\/pages\/158\/revisions\/1352"}],"wp:featuredmedia":[{"embeddable":true,"href":"https:\/\/www.girva.it\/wp1\/ginecologoprotetto\/wp-json\/wp\/v2\/media\/1143"}],"wp:attachment":[{"href":"https:\/\/www.girva.it\/wp1\/ginecologoprotetto\/wp-json\/wp\/v2\/media?parent=158"}],"curies":[{"name":"wp","href":"https:\/\/api.w.org\/{rel}","templated":true}]}}

<header class="lp-section-header">
<div class="lp-section-desc">
<h3 style="text-align: center;"><span style="color: #db4b95;"><strong>Convenzione Assicurativa Ginecologi unica in Italia!!!</strong></span></h3>
<h5 style="text-align: center;"><strong style="color: #db4b95; font-family: 'Open Sans Condensed'; font-size: revert;"><i class="glyphicon blicon-graduation md"></i>  Le fasce di attività</strong></h5>
</div>
</header>
<h5 style="text-align: center;">Il programma assicurativo prevede caratteristiche uniche studiate per 6 fasce di attività diverse che si adattano alle esigenze della categoria.</h5>


<style>
/* GRID */
.gp-grid{
  display:grid;
  grid-template-columns: repeat(3, 1fr);
  gap:18px;
  margin:20px 0;
  justify-items:center;
}
@media (max-width:1024px){
  .gp-grid{ grid-template-columns: repeat(2, 1fr); }
}
@media (max-width:640px){
  .gp-grid{ grid-template-columns: 1fr; }
}

/* CARD */
.gp-card{
  width:100%;
  max-width:400px;
  overflow:hidden;
  border:1px solid #e5e7eb;
  background:#ffffff;
}

/* MEDIA QUADRATA */
.gp-media{
  position:relative;
  width:100%;
  aspect-ratio:1/1;
  overflow:hidden;
}

.gp-media img{
  position:absolute;
  inset:0;
  width:100%;
  height:100%;
  object-fit:cover;
  transition:transform .35s ease;
}

.gp-media:hover img{
  transform:scale(1.08);
}

/* OVERLAY */
.gp-overlay{
  position:absolute;
  inset:0;
  background:#da539e;
  color:#ffffff;
  padding:18px;
  display:flex;
  flex-direction:column;
  align-items:flex-start;
  text-align:left;
  opacity:0;
  transition:opacity .25s ease;
}

.gp-media:hover .gp-overlay{
  opacity:1;
}

/* MOBILE */
@media (max-width:768px){
  .gp-overlay{ opacity:1; }
}

/* TITOLO */
.gp-overlay h5{
  font-size:16px;
  font-weight:700;
  margin:0 0 6px 0;
  color:#ffffff;
}

/* DESCRIZIONE (SCROLL) */
.gp-desc{
  font-size:13px;
  line-height:1.45;
  color:#ffffff;
  max-height:170px;
  overflow-y:auto;
  padding-right:6px;
}

/* scrollbar discreta */
.gp-desc::-webkit-scrollbar{ width:4px; }
.gp-desc::-webkit-scrollbar-thumb{
  background:rgba(255,255,255,0.6);
}

/* BOTTONE */
.gp-btn{
  margin-top:auto;
  background:#ffffff;
  color:#da539e;
  font-weight:700;
  font-size:13px;
  padding:10px 14px;
  text-decoration:none;
}
.gp-btn:hover{ opacity:0.9; }

/* CAPTION */
.gp-caption{
  padding:12px 14px;
  font-weight:700;
  font-size:14px;
  background:#1a1f32;
  color:#ffffff;
  text-align:center;
}
</style>

<div class="gp-grid">

<!-- FASCIA 00 -->
<div class="gp-card">
  <div class="gp-media">
    <img data-recalc-dims="1" decoding="async" src="https://i0.wp.com/www.girva.it/wp1/ginecologoprotetto/wp-content/uploads/sites/2/2026/01/fascia00base.png?w=1505&#038;ssl=1">
    <div class="gp-overlay">
      <h5>Fascia 00 &#8211; Fascia Base – Ginecologia e Ostetricia (solo visite specialistiche e analisi prenatali)</h5>
      <div class="gp-desc">
        Include le attività assistenziali ambulatoriali ostetriche e ginecologiche, comprese le prescrizioni terapeutiche, e le diagnosi strumentali ambulatoriali eseguite senza utilizzo di anestesia salvo pomata o spray anestetizzante, di cui al seguente elenco: Visite ginecologiche specialistiche, Visite ostetriche, Ecografie (escluse morfologiche e di II livello) ed esami diagnostici prenatali, Attività di prevenzione e follow-up, Counselling per analisi prenatali, Inserimento e rimozione IUD, Pap-test e HPV-test, Colposcopia diagnostica, Prescrizione, impianto e rimozione di dispositivi contraccettivi sottocutanei (anche con utilizzo di crema anestetizzante cutanea).
      </div>
      <a class="gp-btn" href="https://www.girva.it/wp1/ginecologoprotetto/convenzione-rc-e-tutela-legale-ageo/">Clicca per un preventivo</a>
    </div>
  </div>
  <div class="gp-caption">Fascia 00</div>
</div>

<!-- FASCIA 01 -->
<div class="gp-card">
  <div class="gp-media">
    <img data-recalc-dims="1" decoding="async" src="https://i0.wp.com/www.girva.it/wp1/ginecologoprotetto/wp-content/uploads/sites/2/2026/01/fascia01.png?w=1505&#038;ssl=1">
    <div class="gp-overlay">
      <h5>Fascia 01 &#8211; Ginecologia ed Ostetricia ambulatoriale con Attività Invasiva senza attività chirurgica né Chirurgia Minore, senza fecondazione assistita e senza assistenza al parto</h5>
      <div class="gp-desc">
        Include tutte le attività assistenziale ambulatoriale ostetrica e ginecologica,
        comprese le prescrizioni terapeutiche, e le diagnosi strumentali ambulatoriali,
        tra cui, a titolo esemplificativo ma non limitativo: tutte le ecografie, incluse
        quelle morfologiche, diatermocoagulazione e laservaporizzazione del collo
        dell&#8217;utero (ablazione di condilomi), biopsie mirate del basso tratto genitale,
        inserimento e rimozione IUD, isteroscopia diagnostica senza prelievo bioptico,
        sonoisterografia e sonosalpingografia, prelievi del sangue (per G-test in
        gravidanza), Pap-test e HPV-test, colposcopia diagnostica,medicina estetica in ambito ginecologico, senza lipoaspirazione o incisioni cutanee che richiedono sutura e senza utilizzo di anestesia al di fuori di crema anestetizzante cutanea, riabilitazione pelvi-perineale con utilizzo di macchinari non invasivi, prescrizione, impianto e rimozione di dispositivi contraccettivi sottocutanei (anche con utilizzo di crema anestetizzante cutanea), agopuntura, omeopatia, mesoterapia/ozonoterapia e neuralterapia in ambito ostetrico e ginecologico, 
servizio di guardia interna interdivisionale, attività di frequentatore volontario.
      </div>
      <a class="gp-btn" href="https://www.girva.it/wp1/ginecologoprotetto/convenzione-rc-e-tutela-legale-ageo/">Clicca per un preventivo</a>
    </div>
  </div>
  <div class="gp-caption">Fascia 01</div>
</div>

<!-- FASCIA 02a -->
<div class="gp-card">
  <div class="gp-media">
    <img data-recalc-dims="1" decoding="async" src="https://i0.wp.com/www.girva.it/wp1/ginecologoprotetto/wp-content/uploads/sites/2/2026/01/fascia02A.png?w=1505&#038;ssl=1">
    <div class="gp-overlay">
      <h5>Fascia 02a – Ginecologia ed Ostetricia ambulatoriale con attività di Chirurgia Minore, senza fecondazione assistita, senza attività chirurgica e senza assistenza al parto</h5>
      <div class="gp-desc">
        Include tutte le attività indicate in Fascia 01 ed in aggiunta quelle attività
        che comportano interventi che coinvolgono il taglio e cucitura del tessuto in
        anestesia locale e/o in sedazione profonda, tra le quali, a titolo
        esemplificativo ma non limitativo: isteroscopia con prelievo bioptico
        endocavitario e/o endometriale, interventi di conizzazione della cervice uterina
        in anestesia locale e/o sedazione profonda con leep o laser chirurgico,
        Amniocentesi, Villocentesi.
      </div>
      <a class="gp-btn" href="https://www.girva.it/wp1/ginecologoprotetto/convenzione-rc-e-tutela-legale-ageo/">Clicca per un preventivo</a>
    </div>
  </div>
  <div class="gp-caption">Fascia 02a</div>
</div>

<!-- FASCIA 02b -->
<div class="gp-card">
  <div class="gp-media">
    <img data-recalc-dims="1" decoding="async" src="https://i0.wp.com/www.girva.it/wp1/ginecologoprotetto/wp-content/uploads/sites/2/2026/01/fascia02B.png?w=1505&#038;ssl=1">
    <div class="gp-overlay">
      <h5>Fascia 02b – Ginecologia ed Ostetricia ambulatoriale con attività di Chirurgia Minore, con fecondazione assistita, senza attività chirurgica e senza assistenza al parto</h5>
      <div class="gp-desc">
        Include tutte le attività indicate nelle Fasce 01 &#8211; 02a ed in aggiunta tutte le
        attività di PMA, compreso pick-up ovocitario in sedazione profonda.
      </div>
      <a class="gp-btn" href="https://www.girva.it/wp1/ginecologoprotetto/convenzione-rc-e-tutela-legale-ageo/">Clicca per un preventivo</a>
    </div>
  </div>
  <div class="gp-caption">Fascia 02b</div>
</div>

<!-- FASCIA 03 -->
<div class="gp-card">
  <div class="gp-media">
    <img data-recalc-dims="1" decoding="async" src="https://i0.wp.com/www.girva.it/wp1/ginecologoprotetto/wp-content/uploads/sites/2/2026/01/fascia03.png?w=1505&#038;ssl=1">
    <div class="gp-overlay">
      <h5>Fascia 03 – Ginecologia ed Ostetricia con attività chirurgica e senza assistenza al parto</h5>
      <div class="gp-desc">
        Include tutte le attività indicate nelle Fasce 01 &#8211; 02a &#8211; 02b, nonché tutti gli
        interventi chirurgici ginecologici/ostetrici effettuati in anestesia generale
        per via laparoscopica o laparotomica.
      </div>
      <a class="gp-btn" href="https://www.girva.it/wp1/ginecologoprotetto/convenzione-rc-e-tutela-legale-ageo/">Clicca per un preventivo</a>
    </div>
  </div>
  <div class="gp-caption">Fascia 03</div>
</div>

<!-- FASCIA 04 -->
<div class="gp-card">
  <div class="gp-media">
    <img data-recalc-dims="1" decoding="async" src="https://i0.wp.com/www.girva.it/wp1/ginecologoprotetto/wp-content/uploads/sites/2/2026/01/fascia04.png?w=1505&#038;ssl=1">
    <div class="gp-overlay">
      <h5>Fascia 04 – Ginecologia ed Ostetricia con assistenza al parto</h5>
      <div class="gp-desc">
        Include tutte le attività indicate nelle Fasce 01 &#8211; 02a &#8211; 02b &#8211; 03, con
        l’aggiunta dell&#8217;assistenza al parto.
      </div>
      <a class="gp-btn" href="https://www.girva.it/wp1/ginecologoprotetto/convenzione-rc-e-tutela-legale-ageo/">Clicca per un preventivo</a>
    </div>
  </div>
  <div class="gp-caption">Fascia 04</div>
</div>

</div>


<h5 style="text-align: center;"><strong>A.G.E.O</strong> in collaborazione con <strong>AMTRUST ASSICURAZIONI</strong> e i brokers <strong>GI.R.VA. INTERNATIONAL BROKER</strong> e <strong>CVA INSURANCE BROKER</strong>, offre ai propri soci la possibilità di aderire ad una polizza di <span style="color: #db4b95;"><strong>Responsabilità Civile Professionale, Tutela Legale e Colpa Grave del Medico Ginecologo </strong></span>con <strong>condizioni uniche e vantaggi esclusivi</strong>.</h5>
<h5 class="lp-section-header" style="text-align: center;"><strong style="color: #db4b95; font-family: 'Open Sans Condensed'; font-size: revert;"><i class="glyphicon blicon-like md"></i>  I vantaggi esclusivi</strong></h5>
<h5 style="text-align: center;"><strong>Conformità con la LEGGE GELLI</strong><br /><strong>Retroattività ILLIMITATA </strong><br /><strong>Tariffe Agevolata YOUNG per Under 36</strong><br /><strong>Nessuna Franchigia e/o scoperto </strong><br /><strong>Durata Prolungata 10.03.2030</strong><br /><strong>Tacito rinnovo</strong><br /><strong>Commissione Sinistri AGEO</strong></h5>
<h5 style="text-align: center;"><span style="color: #db4b95;"><strong>Ulteriori garanzie sempre operanti senza oneri aggiuntivi<br /></strong></span><strong>Responsabilità Civile per la Conduzione dello Studio Professionale </strong><br /><strong>Garanzia per Omesso Adempimento dei Crediti ECM</strong></h5>
<h5 style="text-align: center;"><span style="color: #db4b95;"><strong>Estensioni a pagamento<br /></strong></span><strong>Estensione di garanzia Ruolo apicale e direzione sanitaria – Perdite Patrimoniali massimale euro 200.000</strong> </p>
</h5>


<hr class="wp-block-separator has-css-opacity"/>



<p class="wp-block-paragraph"></p>

<p>Convenzione Assicurativa Ginecologi unica in Italia!!!   Le fasce di attività Il programma assicurativo prevede caratteristiche uniche studiate per 6 fasce di attività diverse che si adattano alle esigenze della categoria. Fascia 00 &#8211; Fascia Base – Ginecologia e Ostetricia (solo visite specialistiche e analisi prenatali) Include le attività assistenziali &hellip;</p>
